, 191, 2027411
List the prime factors of 149393464.
2, 11, 23, 31, 2381
What are the prime factors of 727495423?
727495423
List the prime factors of 71247660.
2, 3, 5, 11, 107951
What are the prime factors of 845535940?
2, 5, 83, 509359
List the prime factors of 491075202.
2, 3, 81845867
What are the prime factors of 46238411?
353, 130987
What are the prime factors of 426013168?
2, 7, 3803689
List the prime factors of 35967806.
2, 7, 103, 24943
What are the prime factors of 80659370?
2, 5, 11, 19, 38593
List the prime factors of 18707577.
3, 7, 71, 12547
What are the prime factors of 2410229544?
2, 3, 100426231
What are the prime factors of 29761440?
2, 3, 5, 62003
What are the prime factors of 137593334?
2, 68796667
List the prime factors of 764084321.
7, 11, 13, 71, 827
What are the prime factors of 539644222?
2, 13, 20755547
List the prime factors of 4576716107.
6037, 758111
What are the prime factors of 246934594?
2, 29, 89, 47837
What are the prime factors of 42859107?
3, 89, 53507
What are the prime factors of 1855987225?
5, 107, 693827
List the prime factors of 24818181.
3, 17, 43, 11317
What are the prime factors of 7656766?
2, 13, 17, 1019
What are the prime factors of 100533185?
5, 61, 329617
What are the prime factors of 44296855?
5, 647, 13693
What are the prime factors of 512077818?
2, 3, 7, 107, 113947
What are the prime factors of 227993442?
2, 3, 661, 57487
What are the prime factors of 49523030?
2, 5, 487, 10169
What are the prime factors of 461798907?
3, 67, 239, 9613
What are the prime factors of 3391636736?
2, 103, 293, 439
What are the prime factors of 1004438794?
2, 2437, 206081
List the prime factors of 1182187841.
83, 1193, 11939
List the prime factors of 996928928.
2, 23, 1354523
List the prime factors of 3238333916.
2, 809583479
List the prime factors of 217677205.
5, 19, 373, 6143
What are the prime factors of 897414418?
2, 307, 1461587
List the prime factors of 7253392747.
19, 653, 584621
What are the prime factors of 87312619?
19, 1327, 3463
What are the prime factors of 402523993?
197, 2043269
What are the prime factors of 137481860?
2, 5, 89, 77237
What are the prime factors of 94611816?
2, 3, 13, 101081
What are the prime factors of 1047468565?
5, 11, 13, 97, 1373
What are the prime factors of 11223722?
2, 193, 29077
What are the prime factors of 80832074?
2, 23, 41, 42859
What are the prime factors of 25386005?
5, 5077201
List the prime factors of 111988831.
19, 5894149
List the prime factors of 605334594.
2, 3, 100889099
What are the prime factors of 273488693?
1987, 137639
List the prime factors of 28096695.
3, 5, 11, 31, 1831
List the prime factors of 113140284.
2, 3, 9428357
List the prime factors of 50989420.
2, 5, 31, 82241
List the prime factors of 199725646.
2, 2221, 44963
List the prime factors of 113939611.
113939611
List the prime factors of 2553976215.
3, 5, 7, 17, 509, 937
What are the prime factors of 1524470470?
2, 5, 421, 362107
What are the prime factors of 339080716?
2, 13, 1669, 3907
What are the prime factors of 977405916?
2, 3, 67, 1215679
What are the prime factors of 1135176276?
2, 3, 13, 7276771
List the prime factors of 26570209.
83, 157, 2039
List the prime factors of 336301839.
3, 43, 868997
List the prime factors of 25751085.
3, 5, 503, 3413
What are the prime factors of 75737032?
2, 7, 1352447
List the prime factors of 1874463378.
2, 3, 312410563
What are the prime factors of 2155753?
17, 173, 733
List the prime factors of 57881074.
2, 2707, 10691
What are the prime factors of 1273495227?
3, 269, 1578061
What are the prime factors of 1156719?
3, 385573
List the prime factors of 27780909.
3, 13, 712331
What are the prime factors of 836199115?
5, 31, 107, 127, 397
List the prime factors of 815361104.
2, 50960069
What are the prime factors of 467095027?
7, 66727861
List the prime factors of 38215013.
38215013
What are the prime factors of 316007881?
7, 233, 193751
What are the prime factors of 1688630460?
2, 3, 5, 11, 2558531
What are the prime factors of 448805937?
3, 149601979
List the prime factors of 79971592.
2, 181, 55229
List the prime factors of 151563912.
2, 3, 19, 509, 653
List the prime factors of 3713463743.
11, 31, 113, 8761
What are the prime factors of 394175538?
2, 3, 359, 20333
What are the prime factors of 48229726?
2, 29, 831547
List the prime factors of 315089765.
5, 23, 113, 24247
What are the prime factors of 886083473?
11, 179, 311, 1447
List the prime factors of 72579942.
2, 3, 1344073
What are the prime factors of 762908842?
2, 1171, 325751
List the prime factors of 34642604.
2, 71, 223, 547
What are the prime factors of 105743099?
7, 11, 197, 6971
List the prime factors of 7711682.
2, 11, 19, 971
List the prime factors of 949566964.
2, 37, 307, 20899
What are the prime factors of 1086837778?
2, 13, 17, 37, 66457
What are the prime factors of 92535204?
2, 3, 7711267
List the prime factors of 1607760393.
3, 4919, 108949
List the prime factors of 503665368.
2, 3, 20986057
List the prime factors of 69941635.
5, 67, 103, 2027
List the prime factors of 214813709.
11, 1237, 15787
What are the prime factors of 182285631?
3, 11, 41, 44909
What are the prime factors of 859711281?
3, 11, 13, 154153
List the prime factors of 385596098.
2, 192798049
List the prime factors of 593021805.
3, 5, 39534787
List the prime factors of 467296939.
37, 12629647
What are the prime factors of 115665332?
2, 28916333
What are the prime factors of 25448238?
2, 3, 73, 107, 181
What are the prime factors of 1509202852?
2, 12527, 30119
List the prime factors of 98736949.
98736949
List the prime factors of 16241992.
2, 13, 59, 2647
List the prime factors of 338398429.
338398429
What are the prime factors of 493653116?
2, 11, 11219389
List the prime factors of 536927747.
83, 1097, 5897
List the prime factors of 6122549.
47, 130267
List the prime factors of 3923959204.
2, 11, 89180891
List the prime factors of 95929429.
113, 848933
List the prime factors of 2859665624.
2, 23, 1451, 10711
List the prime factors of 462850844.
2, 3329, 34759
List the prime factors of 862259048.
2, 7, 31, 43, 11551
List the prime factors of 11774074.
2, 13, 151, 2999
List the prime factors of 100376626.
2, 7, 139, 51581
What are the prime factors of 157891077?
3, 283, 61991
List the prime factors of 1674548640.
2, 3, 5, 129209
What are the prime factors of 52405315?
5, 163, 64301
What are the prime factors of 31916698?
2, 11, 1450759
List the prime factors of 37719823.
37719823
List the prime factors of 307915149.
3, 102638383
List the prime factors of 119043192.
2, 3, 4960133
List the prime factors of 291955672.
2, 19, 1920761
What are the prime factors of 1620260291?
13, 31, 309269
What are the prime factors of 148532954?
2, 29, 73, 35081
What are the prime factors of 339512244?
2, 3, 28292687
What are the prime factors of 94115359?
13, 7239643
List the prime factors of 214755308.
2, 53688827
What are the prime factors of 56049603?
3, 18683201
What are the prime factors of 49885628?
2, 13, 959339
What are the prime factors of 224157247?
224157247
List the prime factors of 2812478088.
2, 3, 7, 23, 103981
What are the prime factors of 312782838?
2, 3, 47, 1109159
What are the prime factors of 3772405730?
2, 5, 19, 19854767
List the prime factors of 143135902.
2, 7, 13, 60497
List the prime factors of 4754491214.
2, 11, 216113237
List the prime factors of 487280700.
2, 3, 5, 131, 4133
What are the prime factors of 356872583?
271, 1316873
What are the prime factors of 4201024353?
3, 6971, 200881
What are the prime factors of 333092643?
3, 13, 173, 49369
What are the prime factors of 664087433?
37, 1721, 10429
What are the prime factors of 2201308300?
2, 5, 97, 229, 991
What are the prime factors of 288955012?
2, 43, 113, 14867
What are the prime factors of 1193341855?
5, 1549, 154079
What are the prime factors of 325187327?
325187327
List the prime factors of 62016053.
11, 5637823
What are the prime factors of 259648741?
11, 149, 158419
List the prime factors of 49491492.
2, 3, 23, 179317
What are the prime factors of 658937606?
2, 59, 163, 34259
What are the prime factors of 333556135?
5, 11, 6064657
What are the prime factors of 652906317?
3, 7, 31090777
What are the prime factors of 188621939?
11, 613, 2543
Li